{"id":111,"date":"2013-01-17T17:21:43","date_gmt":"2013-01-17T16:21:43","guid":{"rendered":"http:\/\/v3.sv-dirlammen.de\/?page_id=111"},"modified":"2024-01-14T17:48:12","modified_gmt":"2024-01-14T16:48:12","slug":"vorstand","status":"publish","type":"page","link":"https:\/\/www.sv-dirlammen.de\/?page_id=111","title":{"rendered":"Vorstand"},"content":{"rendered":"<h1><strong>Gesch\u00e4ftsf\u00fchrender Teamvorstand<br \/>\n<\/strong><\/h1>\n<p>von links:<br \/>\nThomas J\u00f6ckel, Lisa Ritz, Daniel Wandner, Sven Richter<\/p>\n<p><img loading=\"lazy\" decoding=\"async\" class=\"aligncenter wp-image-2166 size-medium\" src=\"https:\/\/www.sv-dirlammen.de\/wp-content\/uploads\/2024\/01\/image-e1705249565494-300x251.png\" alt=\"\" width=\"300\" height=\"251\" srcset=\"https:\/\/www.sv-dirlammen.de\/wp-content\/uploads\/2024\/01\/image-e1705249565494-300x251.png 300w, https:\/\/www.sv-dirlammen.de\/wp-content\/uploads\/2024\/01\/image-e1705249565494-359x300.png 359w, https:\/\/www.sv-dirlammen.de\/wp-content\/uploads\/2024\/01\/image-e1705249565494.png 861w\" sizes=\"auto, (max-width: 300px) 100vw, 300px\" \/><\/p>\n<p><strong>Gesamtvorstand<\/strong><\/p>\n<p>Reihe hinten von links:<br \/>\n<span style=\"font-weight: 300;\">Sven \u00a0Richter, Dennis Ritz, Daniel Wandner, Marcus Kapfinger, Tim Kapfinger, Louis Traud<\/span><\/p>\n<p>Reihe vorne von links:<br \/>\nThomas J\u00f6ckel, Florian Bernges, Lisa Ritz, Alexander D\u00f6ring, Astrid Roth<\/p>\n<p><img loading=\"lazy\" decoding=\"async\" class=\"aligncenter wp-image-2164 size-large\" src=\"https:\/\/www.sv-dirlammen.de\/wp-content\/uploads\/2024\/01\/Gross-P1020858-1024x576.jpeg\" alt=\"\" width=\"584\" height=\"329\" srcset=\"https:\/\/www.sv-dirlammen.de\/wp-content\/uploads\/2024\/01\/Gross-P1020858-1024x576.jpeg 1024w, https:\/\/www.sv-dirlammen.de\/wp-content\/uploads\/2024\/01\/Gross-P1020858-300x169.jpeg 300w, https:\/\/www.sv-dirlammen.de\/wp-content\/uploads\/2024\/01\/Gross-P1020858-500x281.jpeg 500w, https:\/\/www.sv-dirlammen.de\/wp-content\/uploads\/2024\/01\/Gross-P1020858.jpeg 1280w\" sizes=\"auto, (max-width: 584px) 100vw, 584px\" \/><\/p>\n<p>Stand: 06.01.2024<\/p>\n","protected":false},"excerpt":{"rendered":"<p>Gesch\u00e4ftsf\u00fchrender Teamvorstand von links: Thomas J\u00f6ckel, Lisa Ritz, Daniel Wandner, Sven Richter Gesamtvorstand Reihe hinten von links: Sven \u00a0Richter, Dennis Ritz, Daniel Wandner, Marcus Kapfinger, Tim Kapfinger, Louis Traud Reihe vorne von links: Thomas J\u00f6ckel, Florian Bernges, Lisa Ritz, Alexander &hellip; <a href=\"https:\/\/www.sv-dirlammen.de\/?page_id=111\">Weiterlesen <span class=\"meta-nav\">&rarr;<\/span><\/a><\/p>\n","protected":false},"author":13,"featured_media":0,"parent":0,"menu_order":1,"comment_status":"closed","ping_status":"closed","template":"sidebar-page.php","meta":{"ngg_post_thumbnail":0,"footnotes":""},"class_list":["post-111","page","type-page","status-publish","hentry"],"_links":{"self":[{"href":"https:\/\/www.sv-dirlammen.de\/index.php?rest_route=\/wp\/v2\/pages\/111","targetHints":{"allow":["GET"]}}],"collection":[{"href":"https:\/\/www.sv-dirlammen.de\/index.php?rest_route=\/wp\/v2\/pages"}],"about":[{"href":"https:\/\/www.sv-dirlammen.de\/index.php?rest_route=\/wp\/v2\/types\/page"}],"author":[{"embeddable":true,"href":"https:\/\/www.sv-dirlammen.de\/index.php?rest_route=\/wp\/v2\/users\/13"}],"replies":[{"embeddable":true,"href":"https:\/\/www.sv-dirlammen.de\/index.php?rest_route=%2Fwp%2Fv2%2Fcomments&post=111"}],"version-history":[{"count":43,"href":"https:\/\/www.sv-dirlammen.de\/index.php?rest_route=\/wp\/v2\/pages\/111\/revisions"}],"predecessor-version":[{"id":2167,"href":"https:\/\/www.sv-dirlammen.de\/index.php?rest_route=\/wp\/v2\/pages\/111\/revisions\/2167"}],"wp:attachment":[{"href":"https:\/\/www.sv-dirlammen.de\/index.php?rest_route=%2Fwp%2Fv2%2Fmedia&parent=111"}],"curies":[{"name":"wp","href":"https:\/\/api.w.org\/{rel}","templated":true}]}}

<h1><strong>Geschäftsführender Teamvorstand<br />
</strong></h1>
<p>von links:<br />
Thomas Jöckel, Lisa Ritz, Daniel Wandner, Sven Richter</p>
<p><img loading="lazy" decoding="async" class="aligncenter wp-image-2166 size-medium" src="https://www.sv-dirlammen.de/wp-content/uploads/2024/01/image-e1705249565494-300x251.png" alt="" width="300" height="251" srcset="https://www.sv-dirlammen.de/wp-content/uploads/2024/01/image-e1705249565494-300x251.png 300w, https://www.sv-dirlammen.de/wp-content/uploads/2024/01/image-e1705249565494-359x300.png 359w, https://www.sv-dirlammen.de/wp-content/uploads/2024/01/image-e1705249565494.png 861w" sizes="auto, (max-width: 300px) 100vw, 300px" /></p>
<p><strong>Gesamtvorstand</strong></p>
<p>Reihe hinten von links:<br />
<span style="font-weight: 300;">Sven  Richter, Dennis Ritz, Daniel Wandner, Marcus Kapfinger, Tim Kapfinger, Louis Traud</span></p>
<p>Reihe vorne von links:<br />
Thomas Jöckel, Florian Bernges, Lisa Ritz, Alexander Döring, Astrid Roth</p>
<p><img loading="lazy" decoding="async" class="aligncenter wp-image-2164 size-large" src="https://www.sv-dirlammen.de/wp-content/uploads/2024/01/Gross-P1020858-1024x576.jpeg" alt="" width="584" height="329" srcset="https://www.sv-dirlammen.de/wp-content/uploads/2024/01/Gross-P1020858-1024x576.jpeg 1024w, https://www.sv-dirlammen.de/wp-content/uploads/2024/01/Gross-P1020858-300x169.jpeg 300w, https://www.sv-dirlammen.de/wp-content/uploads/2024/01/Gross-P1020858-500x281.jpeg 500w, https://www.sv-dirlammen.de/wp-content/uploads/2024/01/Gross-P1020858.jpeg 1280w" sizes="auto, (max-width: 584px) 100vw, 584px" /></p>
<p>Stand: 06.01.2024</p>

<p>Geschäftsführender Teamvorstand von links: Thomas Jöckel, Lisa Ritz, Daniel Wandner, Sven Richter Gesamtvorstand Reihe hinten von links: Sven  Richter, Dennis Ritz, Daniel Wandner, Marcus Kapfinger, Tim Kapfinger, Louis Traud Reihe vorne von links: Thomas Jöckel, Florian Bernges, Lisa Ritz, Alexander &hellip; <a href="https://www.sv-dirlammen.de/?page_id=111">Weiterlesen <span class="meta-nav">&rarr;</span></a></p>
