{"id":187,"date":"2013-01-03T18:32:24","date_gmt":"2013-01-03T17:32:24","guid":{"rendered":"http:\/\/www.sv-dirlammen.de\/?page_id=187"},"modified":"2013-03-11T20:59:22","modified_gmt":"2013-03-11T19:59:22","slug":"gymnastik","status":"publish","type":"page","link":"https:\/\/www.sv-dirlammen.de\/?page_id=187","title":{"rendered":"Gymnastik"},"content":{"rendered":"<p><a href=\"http:\/\/www.sv-dirlammen.de\/wp-content\/uploads\/2013\/01\/1_Gruppenbild-ausgeschnitten.jpg\"><img loading=\"lazy\" decoding=\"async\" class=\"aligncenter size-large wp-image-393\" alt=\"1_Gruppenbild ausgeschnitten\" src=\"http:\/\/www.sv-dirlammen.de\/wp-content\/uploads\/2013\/01\/1_Gruppenbild-ausgeschnitten-1024x426.jpg\" width=\"584\" height=\"242\" srcset=\"https:\/\/www.sv-dirlammen.de\/wp-content\/uploads\/2013\/01\/1_Gruppenbild-ausgeschnitten-1024x426.jpg 1024w, https:\/\/www.sv-dirlammen.de\/wp-content\/uploads\/2013\/01\/1_Gruppenbild-ausgeschnitten-300x124.jpg 300w, https:\/\/www.sv-dirlammen.de\/wp-content\/uploads\/2013\/01\/1_Gruppenbild-ausgeschnitten-500x208.jpg 500w\" sizes=\"auto, (max-width: 584px) 100vw, 584px\" \/><\/a>In Dirlammen sind die Frauen fit und aktiv! Allerdings sind nicht alle Frauen aus Dirlammen. Von den z.Zt. 46 aktiven Frauen (in drei Gruppen) wohnen 19 direkt in Dirlammen, darunter die beiden seit 1998 t\u00e4tigen \u00dcbungsleiterinnen. Die restlichen Teilnehmerinnen kommen aus anderen Ortsteilen von Lautertal, Schwalmtal, Feldatal und aus Frischborn. Die Gymnastikabteilung wurde im Jahre 1984 gegr\u00fcndet. Anfangs wurde das ganze Jahr jeden Mittwoch eine Stunde &#8222;Gymnastik f\u00fcr Alle&#8220; abgehalten. Seit dem Jahr 1998 bieten wir j\u00e4hrlich im Fr\u00fchjahr (Februar bis Juni) und im Herbst (August bis November) Kurse mit jeweils ca. 12 \u2013 15 Einheiten an.<\/p>\n","protected":false},"excerpt":{"rendered":"<p>In Dirlammen sind die Frauen fit und aktiv! Allerdings sind nicht alle Frauen aus Dirlammen. Von den z.Zt. 46 aktiven Frauen (in drei Gruppen) wohnen 19 direkt in Dirlammen, darunter die beiden seit 1998 t\u00e4tigen \u00dcbungsleiterinnen. Die restlichen Teilnehmerinnen kommen &hellip; <a href=\"https:\/\/www.sv-dirlammen.de\/?page_id=187\">Weiterlesen <span class=\"meta-nav\">&rarr;<\/span><\/a><\/p>\n","protected":false},"author":13,"featured_media":0,"parent":0,"menu_order":0,"comment_status":"closed","ping_status":"closed","template":"","meta":{"ngg_post_thumbnail":0,"footnotes":""},"class_list":["post-187","page","type-page","status-publish","hentry"],"_links":{"self":[{"href":"https:\/\/www.sv-dirlammen.de\/index.php?rest_route=\/wp\/v2\/pages\/187","targetHints":{"allow":["GET"]}}],"collection":[{"href":"https:\/\/www.sv-dirlammen.de\/index.php?rest_route=\/wp\/v2\/pages"}],"about":[{"href":"https:\/\/www.sv-dirlammen.de\/index.php?rest_route=\/wp\/v2\/types\/page"}],"author":[{"embeddable":true,"href":"https:\/\/www.sv-dirlammen.de\/index.php?rest_route=\/wp\/v2\/users\/13"}],"replies":[{"embeddable":true,"href":"https:\/\/www.sv-dirlammen.de\/index.php?rest_route=%2Fwp%2Fv2%2Fcomments&post=187"}],"version-history":[{"count":36,"href":"https:\/\/www.sv-dirlammen.de\/index.php?rest_route=\/wp\/v2\/pages\/187\/revisions"}],"predecessor-version":[{"id":487,"href":"https:\/\/www.sv-dirlammen.de\/index.php?rest_route=\/wp\/v2\/pages\/187\/revisions\/487"}],"wp:attachment":[{"href":"https:\/\/www.sv-dirlammen.de\/index.php?rest_route=%2Fwp%2Fv2%2Fmedia&parent=187"}],"curies":[{"name":"wp","href":"https:\/\/api.w.org\/{rel}","templated":true}]}}

<p><a href="http://www.sv-dirlammen.de/wp-content/uploads/2013/01/1_Gruppenbild-ausgeschnitten.jpg"><img loading="lazy" decoding="async" class="aligncenter size-large wp-image-393" alt="1_Gruppenbild ausgeschnitten" src="http://www.sv-dirlammen.de/wp-content/uploads/2013/01/1_Gruppenbild-ausgeschnitten-1024x426.jpg" width="584" height="242" srcset="https://www.sv-dirlammen.de/wp-content/uploads/2013/01/1_Gruppenbild-ausgeschnitten-1024x426.jpg 1024w, https://www.sv-dirlammen.de/wp-content/uploads/2013/01/1_Gruppenbild-ausgeschnitten-300x124.jpg 300w, https://www.sv-dirlammen.de/wp-content/uploads/2013/01/1_Gruppenbild-ausgeschnitten-500x208.jpg 500w" sizes="auto, (max-width: 584px) 100vw, 584px" /></a>In Dirlammen sind die Frauen fit und aktiv! Allerdings sind nicht alle Frauen aus Dirlammen. Von den z.Zt. 46 aktiven Frauen (in drei Gruppen) wohnen 19 direkt in Dirlammen, darunter die beiden seit 1998 tätigen Übungsleiterinnen. Die restlichen Teilnehmerinnen kommen aus anderen Ortsteilen von Lautertal, Schwalmtal, Feldatal und aus Frischborn. Die Gymnastikabteilung wurde im Jahre 1984 gegründet. Anfangs wurde das ganze Jahr jeden Mittwoch eine Stunde &#8222;Gymnastik für Alle&#8220; abgehalten. Seit dem Jahr 1998 bieten wir jährlich im Frühjahr (Februar bis Juni) und im Herbst (August bis November) Kurse mit jeweils ca. 12 – 15 Einheiten an.</p>

<p>In Dirlammen sind die Frauen fit und aktiv! Allerdings sind nicht alle Frauen aus Dirlammen. Von den z.Zt. 46 aktiven Frauen (in drei Gruppen) wohnen 19 direkt in Dirlammen, darunter die beiden seit 1998 tätigen Übungsleiterinnen. Die restlichen Teilnehmerinnen kommen &hellip; <a href="https://www.sv-dirlammen.de/?page_id=187">Weiterlesen <span class="meta-nav">&rarr;</span></a></p>
