{"id":489,"date":"2013-03-11T21:14:48","date_gmt":"2013-03-11T20:14:48","guid":{"rendered":"http:\/\/www.sv-dirlammen.de\/?page_id=489"},"modified":"2016-10-29T14:51:31","modified_gmt":"2016-10-29T13:51:31","slug":"unser-siggi","status":"publish","type":"page","link":"https:\/\/www.sv-dirlammen.de\/?page_id=489","title":{"rendered":"Unser Siggi"},"content":{"rendered":"<h1><b>Unser ,,Siggi&#8220; &#8211; Ein Vorbildlicher Sportler, Trainer und Funktion\u00e4r<\/b><\/h1>\n<p><a href=\"https:\/\/www.sv-dirlammen.de\/wp-content\/uploads\/2013\/03\/Bild-Siggi.jpg\"><img loading=\"lazy\" decoding=\"async\" class=\"wp-image-495 alignleft\" src=\"https:\/\/www.sv-dirlammen.de\/wp-content\/uploads\/2013\/03\/Bild-Siggi.jpg\" alt=\"Bild Siggi\" width=\"170\" height=\"175\"><\/a>Eine Pers\u00f6nlichkeit, die sich um den Tischtennissport in Dirlammen und im gesamten Vogelsbergkreis besondere Verdienste erworben hat. \u201aSiggi\u2018 (Siegfried Heil) ist seit 1975 bis heute aktiver Spieler beim SV Dirlammen. Von 1976 bis Anfang 2012 ist er zudem als Abteilungsleiter, Tischtennis-Trainer, Betreuer und Organisator Woche f\u00fcr Woche f\u00fcr den Tischtennis aktiv gewesen. Zudem hat er von 1976 bis 1985 als Jugendleiter ehrenamtlich Verantwortung \u00fcbernommen. Siggi hat das Tischtennis in Dirlammen aufgebaut und \u00fcber drei Jahrzehnte mit viel Herzblut und Aufopferung unz\u00e4hliger Stunden kostbarer Freizeit ma\u00dfgeblich gestaltet und erfolgreich weiter entwickelt. Bei seinem ganzen Tun stand und steht immer die Kameradschaft und der Spa\u00df am Spielen im Vordergrund. Siggi hatte stets den Weitblick, konsequent Nachwuchsarbeit zu betreiben und den Breitensport Tischtennis somit zu f\u00f6rdern. Ihm lag die Jugendarbeit immer am Herzen. Auch \u00fcber die Dirlammer Grenzen hinaus hat Siggi den Tischtennis-Sport im gesamten Vogelsbergkreis in \u00fcber 30 Jahren ma\u00dfgeblich mitgestaltet. Daher wurde ihm auch im November 2009 den Sportehrenpreis des Vogelsbergkreises durch den damaligen Landrat Rudolf Marx verliehen. Der SV Dirlammen ist sehr stolz, dass wir einen so hoch motivierten Sportler, Funktion\u00e4r und Freund in unseren Reihen haben d\u00fcrfen.<\/p>\n","protected":false},"excerpt":{"rendered":"<p>Unser ,,Siggi&#8220; &#8211; Ein Vorbildlicher Sportler, Trainer und Funktion\u00e4r Eine Pers\u00f6nlichkeit, die sich um den Tischtennissport in Dirlammen und im gesamten Vogelsbergkreis besondere Verdienste erworben hat. \u201aSiggi\u2018 (Siegfried Heil) ist seit 1975 bis heute aktiver Spieler beim SV Dirlammen. Von &hellip; <a href=\"https:\/\/www.sv-dirlammen.de\/?page_id=489\">Weiterlesen <span class=\"meta-nav\">&rarr;<\/span><\/a><\/p>\n","protected":false},"author":13,"featured_media":0,"parent":43,"menu_order":0,"comment_status":"closed","ping_status":"closed","template":"","meta":{"ngg_post_thumbnail":0,"footnotes":""},"class_list":["post-489","page","type-page","status-publish","hentry"],"_links":{"self":[{"href":"https:\/\/www.sv-dirlammen.de\/index.php?rest_route=\/wp\/v2\/pages\/489","targetHints":{"allow":["GET"]}}],"collection":[{"href":"https:\/\/www.sv-dirlammen.de\/index.php?rest_route=\/wp\/v2\/pages"}],"about":[{"href":"https:\/\/www.sv-dirlammen.de\/index.php?rest_route=\/wp\/v2\/types\/page"}],"author":[{"embeddable":true,"href":"https:\/\/www.sv-dirlammen.de\/index.php?rest_route=\/wp\/v2\/users\/13"}],"replies":[{"embeddable":true,"href":"https:\/\/www.sv-dirlammen.de\/index.php?rest_route=%2Fwp%2Fv2%2Fcomments&post=489"}],"version-history":[{"count":7,"href":"https:\/\/www.sv-dirlammen.de\/index.php?rest_route=\/wp\/v2\/pages\/489\/revisions"}],"predecessor-version":[{"id":1626,"href":"https:\/\/www.sv-dirlammen.de\/index.php?rest_route=\/wp\/v2\/pages\/489\/revisions\/1626"}],"up":[{"embeddable":true,"href":"https:\/\/www.sv-dirlammen.de\/index.php?rest_route=\/wp\/v2\/pages\/43"}],"wp:attachment":[{"href":"https:\/\/www.sv-dirlammen.de\/index.php?rest_route=%2Fwp%2Fv2%2Fmedia&parent=489"}],"curies":[{"name":"wp","href":"https:\/\/api.w.org\/{rel}","templated":true}]}}