{"id":918,"date":"2013-05-20T17:56:24","date_gmt":"2013-05-20T16:56:24","guid":{"rendered":"http:\/\/www.sv-dirlammen.de\/?page_id=918"},"modified":"2013-05-20T18:48:33","modified_gmt":"2013-05-20T17:48:33","slug":"seniorenfusball","status":"publish","type":"page","link":"https:\/\/www.sv-dirlammen.de\/?page_id=918","title":{"rendered":"Seniorenfu\u00dfball"},"content":{"rendered":"<p>Nach der Vereinsgr\u00fcndung im Jahre 1961, nahm erstmals eine Seniorenmannschaft des SV den Spielbetrieb in der Saison 1965\/66 in der B Klasse Lauterbach Gruppe S\u00fcd auf. Wie nicht anders zu erwarten, belegte sie nach Beendigung der Runde einen hinteren Tabellenplatz.\u00a0 In dieser Spielsaison gelang zu aller \u00dcberraschung dem SV im vorletzten Spiel ein Sieg \u00fcber den damaligen Meisterschaftsfavoriten Hartmannshain\/Herchenhain. In der darauffolgenden Saison erreichte man bereits den 4. Tabellenplatz.\u00a0 Mit der Spielsaison 68\/69 wurde der SV in die B Klasse Lauterbach Gruppe Nord eingeteilt. Hier war man ebenfalls im vorderen Tabellenfeld zu finden. In den darauffolgenden Runden wurden jeweils vordere Pl\u00e4tze belegt und man zog in das Endspiel um den Landratspokal ein (70\/71). Hier musste man sich gegen Landenhausen geschlagen geben. In der Spielsaison 72\/73 wurden die bisherigen Spielklassen Lauterbach Gruppe S\u00fcd und Nord aufgeteilt in I und II. Die st\u00e4rkeren Mannschaften kamen in die\u00a0 B-Klasse Lauterbach I und die schw\u00e4cheren in Lauterbach II. Nach Beendigung dieser Runde musste der SV Dirlammen leider in die B Klasse Lauterbach II absteigen (72\/73). Einen vorderen Mittelfeldplatz belegte man in der Runde 73\/74. Im gleichen Jahr errang die 2. Mannschaft des SV die Meisterschaft der B Klasse Lauterbach II. Nach einer erneuten Reform erfolgte wieder eine Umbenennung der einzelnen Spielklassen. So wurde aus der B Klasse Lauterbach II die C Klasse und aus der B Klasse Lauterbach I die B Klasse. Nach Beendigung der Spielsaison 1974\/75 stieg man als Tabellen 2. von der C Klasse in die B Klasse auf. Nach Beendigung der Spielsaison 76\/77 musste man wieder in die C Klasse Lauterbach absteigen. Einen dritten Platz erzielte man in der Saison 78\/79. In 1980\/81 wurde die 2. Mannschaft Lautertalmeister. Ab der Spielsaison 81\/82 bis Anfang der 90er Jahre musste man sich mit den letzten und vorletzten Tabellenpl\u00e4tzen zufrieden geben. Anfang der 90er Jahre wurde dann an die Leistungen aus den 70er Jahren angekn\u00fcpft.\u00a0 Hier spielte man in der B Klasse Lauterbach immer um den Aufstieg mit. Ganz gro\u00dfe Titel wie die Meisterschaft \u00a0blieben hier aus, aber man wurde mehrmals Gemeindemeister. In 95\/96 schaffte die 2. Mannschaft des SV Dirlammen die Meisterschaft mit einem Torverh\u00e4ltnis von 101:39 in der Kreisliga A Lauterbach.<\/p>\n<p>[Bild folgt in K\u00fcrze]<\/p>\n<p>Nach Zusammenlegung der Kreisklasse B und der Kreisklasse A konnte man mit vorderen Tabellenpl\u00e4tzen aufwarten. Durch die Vielzahl der Mannschaften der Kreisliga A Lauterbach in der Saison 99\/00 wurde seitens des Fu\u00dfballkreises eine Trennung der Spielklasse A und B Klasse notwendig.\u00a0 Leider ist es dem SV Dirlammen in dieser Saison nicht gelungen sich f\u00fcr die A Klasse zu qualifizieren, da man durch einen 11. Platz den notwendigen 9.Platz knapp verfehlte.<\/p>\n<div id=\"attachment_959\" style=\"width: 594px\" class=\"wp-caption alignleft\"><a href=\"http:\/\/www.sv-dirlammen.de\/wp-content\/uploads\/2013\/05\/1_Mannschaft2000.jpg\"><img loading=\"lazy\" decoding=\"async\" aria-describedby=\"caption-attachment-959\" class=\"size-large wp-image-959\" alt=\"1_Mannschaft2000\" src=\"http:\/\/www.sv-dirlammen.de\/wp-content\/uploads\/2013\/05\/1_Mannschaft2000-1024x624.jpg\" width=\"584\" height=\"355\" srcset=\"https:\/\/www.sv-dirlammen.de\/wp-content\/uploads\/2013\/05\/1_Mannschaft2000-1024x624.jpg 1024w, https:\/\/www.sv-dirlammen.de\/wp-content\/uploads\/2013\/05\/1_Mannschaft2000-300x182.jpg 300w, https:\/\/www.sv-dirlammen.de\/wp-content\/uploads\/2013\/05\/1_Mannschaft2000.jpg 1625w\" sizes=\"auto, (max-width: 584px) 100vw, 584px\" \/><\/a><p id=\"caption-attachment-959\" class=\"wp-caption-text\">1. Seniorenmannschaft Saison 1999\/2000<\/p><\/div>\n<p>Aufgrund von Spielermangel konnte der SV keine eigene Mannschaft mehr stellen. Aus diesem Grund schloss man sich der Spielgemeinschaft Hopfmannsfeld\/Eichenrod an und bildete die SG Lautertal.<\/p>\n<p>Nach anf\u00e4nglichen Findungsproblemen, Spieler sowie Trainerbedingt und hinteren Mittelfeldpl\u00e4tzen konnte man erstmals in der Saison 2006 einen Achtungserfolg Einfahren. Unter dem damaligen Trainer Thomas Trautwein\u00a0 wuchs man zu einer Einheit zusammen und belegte nach Abschluss der Runde einen sehr guten 4. Platz.<\/p>\n<p>[Tabelle folgt in K\u00fcrze]<\/p>\n<div id=\"attachment_956\" style=\"width: 594px\" class=\"wp-caption alignleft\"><a href=\"http:\/\/www.sv-dirlammen.de\/wp-content\/uploads\/2013\/05\/Erste_2006.jpg\"><img loading=\"lazy\" decoding=\"async\" aria-describedby=\"caption-attachment-956\" class=\"size-large wp-image-956\" alt=\"Erste_2006\" src=\"http:\/\/www.sv-dirlammen.de\/wp-content\/uploads\/2013\/05\/Erste_2006-1024x546.jpg\" width=\"584\" height=\"311\" srcset=\"https:\/\/www.sv-dirlammen.de\/wp-content\/uploads\/2013\/05\/Erste_2006-1024x546.jpg 1024w, https:\/\/www.sv-dirlammen.de\/wp-content\/uploads\/2013\/05\/Erste_2006-300x160.jpg 300w, https:\/\/www.sv-dirlammen.de\/wp-content\/uploads\/2013\/05\/Erste_2006-500x266.jpg 500w, https:\/\/www.sv-dirlammen.de\/wp-content\/uploads\/2013\/05\/Erste_2006.jpg 1239w\" sizes=\"auto, (max-width: 584px) 100vw, 584px\" \/><\/a><p id=\"caption-attachment-956\" class=\"wp-caption-text\">1. Seniorenmannschaft SG Lautertal 2005\/2006<\/p><\/div>\n<p>In dieser Zeit kam auch die Geselligkeit nicht zu kurz und man unternahm einige Ausflugsfahrten. Aus zeitlichen Gr\u00fcnden musste Thomas Trautwein das Traineramt Ende 2007 niederlegen. Thomas Peppler \u00fcbernahm die Mannschaft als Interimstrainer. Diese \u201eNotl\u00f6sung\u201c entpuppte sich als Dauerl\u00f6sung f\u00fcr 3 Jahre.<\/p>\n<p><a href=\"http:\/\/www.sv-dirlammen.de\/wp-content\/uploads\/2013\/05\/fehlendes-Bild.jpg\"><img loading=\"lazy\" decoding=\"async\" class=\"alignleft size-large wp-image-953\" alt=\"fehlendes Bild\" src=\"http:\/\/www.sv-dirlammen.de\/wp-content\/uploads\/2013\/05\/fehlendes-Bild-1024x482.jpg\" width=\"584\" height=\"274\" srcset=\"https:\/\/www.sv-dirlammen.de\/wp-content\/uploads\/2013\/05\/fehlendes-Bild-1024x482.jpg 1024w, https:\/\/www.sv-dirlammen.de\/wp-content\/uploads\/2013\/05\/fehlendes-Bild-300x141.jpg 300w, https:\/\/www.sv-dirlammen.de\/wp-content\/uploads\/2013\/05\/fehlendes-Bild-500x235.jpg 500w, https:\/\/www.sv-dirlammen.de\/wp-content\/uploads\/2013\/05\/fehlendes-Bild.jpg 1936w\" sizes=\"auto, (max-width: 584px) 100vw, 584px\" \/><\/a>Durch die kontinuierliche Jugendarbeit beider Vereine war zu dieser Zeit m\u00f6glich einige Jungendspieler in die 1. Mannschaft zu integrieren. Seid der Saison 2010\/2011 \u00fcbernahm der jetzige Spielertrainer Kenan Duran die Mannschaft und man verpasste im ersten Jahr durch einen dritten Platz die Relegation.<\/p>\n<p>[Tabelle folgt in K\u00fcrze]<\/p>\n<div id=\"attachment_951\" style=\"width: 722px\" class=\"wp-caption alignleft\"><a href=\"http:\/\/www.sv-dirlammen.de\/wp-content\/uploads\/2013\/05\/1.-Mannschaft-2013.jpg\"><img loading=\"lazy\" decoding=\"async\" aria-describedby=\"caption-attachment-951\" class=\"size-full wp-image-951\" alt=\"1. Mannschaft 2013\" src=\"http:\/\/www.sv-dirlammen.de\/wp-content\/uploads\/2013\/05\/1.-Mannschaft-2013.jpg\" width=\"712\" height=\"358\" srcset=\"https:\/\/www.sv-dirlammen.de\/wp-content\/uploads\/2013\/05\/1.-Mannschaft-2013.jpg 712w, https:\/\/www.sv-dirlammen.de\/wp-content\/uploads\/2013\/05\/1.-Mannschaft-2013-300x150.jpg 300w, https:\/\/www.sv-dirlammen.de\/wp-content\/uploads\/2013\/05\/1.-Mannschaft-2013-500x251.jpg 500w\" sizes=\"auto, (max-width: 712px) 100vw, 712px\" \/><\/a><p id=\"caption-attachment-951\" class=\"wp-caption-text\">1. Mannschaft 2013<\/p><\/div>\n<p>Als SG Lautertal nehmen wir zurzeit immer noch mit 2 Mannschaften am Rundenbetrieb teil. Die 1. Mannschaft spielt in der Kreisliga B Fulda\/Vogelsberg\u00a0 und die 2. Mannschaft spielt in der Kreisliga C Lauterbach\/H\u00fcnfeld.<\/p>\n<div id=\"attachment_948\" style=\"width: 594px\" class=\"wp-caption alignleft\"><a href=\"http:\/\/www.sv-dirlammen.de\/wp-content\/uploads\/2013\/05\/2_Mannschaft_2013.jpg\"><img loading=\"lazy\" decoding=\"async\" aria-describedby=\"caption-attachment-948\" class=\"size-large wp-image-948\" alt=\"2_Mannschaft_2013\" src=\"http:\/\/www.sv-dirlammen.de\/wp-content\/uploads\/2013\/05\/2_Mannschaft_2013-1024x618.jpg\" width=\"584\" height=\"352\" srcset=\"https:\/\/www.sv-dirlammen.de\/wp-content\/uploads\/2013\/05\/2_Mannschaft_2013-1024x618.jpg 1024w, https:\/\/www.sv-dirlammen.de\/wp-content\/uploads\/2013\/05\/2_Mannschaft_2013-300x181.jpg 300w, https:\/\/www.sv-dirlammen.de\/wp-content\/uploads\/2013\/05\/2_Mannschaft_2013-496x300.jpg 496w, https:\/\/www.sv-dirlammen.de\/wp-content\/uploads\/2013\/05\/2_Mannschaft_2013.jpg 1981w\" sizes=\"auto, (max-width: 584px) 100vw, 584px\" \/><\/a><p id=\"caption-attachment-948\" class=\"wp-caption-text\">Zweite Seniorenmannschaft Saison 2012\/2013<\/p><\/div>\n<div id=\"attachment_962\" style=\"width: 234px\" class=\"wp-caption alignleft\"><a href=\"http:\/\/www.sv-dirlammen.de\/wp-content\/uploads\/2013\/05\/Bild-Horst-Kr\u00f6ll.jpg\"><img loading=\"lazy\" decoding=\"async\" aria-describedby=\"caption-attachment-962\" class=\"size-medium wp-image-962\" alt=\"Bild Horst Kr\u00f6ll\" src=\"http:\/\/www.sv-dirlammen.de\/wp-content\/uploads\/2013\/05\/Bild-Horst-Kr\u00f6ll-224x300.jpg\" width=\"224\" height=\"300\" srcset=\"https:\/\/www.sv-dirlammen.de\/wp-content\/uploads\/2013\/05\/Bild-Horst-Kr\u00f6ll-224x300.jpg 224w, https:\/\/www.sv-dirlammen.de\/wp-content\/uploads\/2013\/05\/Bild-Horst-Kr\u00f6ll.jpg 472w\" sizes=\"auto, (max-width: 224px) 100vw, 224px\" \/><\/a><p id=\"caption-attachment-962\" class=\"wp-caption-text\">Horst Kr\u00f6ll, zur Zeit einziger Schiedsrichter des SVD<\/p><\/div>\n<p>Ein besonderer Dank der Fu\u00dfballabteilung gilt auch den langj\u00e4hrigen Schiedsrichtern Rudi Poesche, Manfred Luft, Horst Kr\u00f6ll, Hans Ziegenhain, Werner Roth, Werner Poesche, Sascha Drews, Reinhold Eifert, \u00a0Oliver Kobs, Robert J\u00f6ckel und Dieter Hartel. Auch wenn sich die 1. Mannschaft im Jubil\u00e4umsjahr nicht in einer meisterlichen Form pr\u00e4sentiert, so hoffen wir, dass wir mit unserer Jungendarbeit noch einige Leute f\u00fcr diesen Sport begeistern k\u00f6nnen. Damit unsere Abteilung noch einige Jahrzehnte bestand hat.<\/p>\n","protected":false},"excerpt":{"rendered":"<p>Nach der Vereinsgr\u00fcndung im Jahre 1961, nahm erstmals eine Seniorenmannschaft des SV den Spielbetrieb in der Saison 1965\/66 in der B Klasse Lauterbach Gruppe S\u00fcd auf. Wie nicht anders zu erwarten, belegte sie nach Beendigung der Runde einen hinteren Tabellenplatz.\u00a0 &hellip; <a href=\"https:\/\/www.sv-dirlammen.de\/?page_id=918\">Weiterlesen <span class=\"meta-nav\">&rarr;<\/span><\/a><\/p>\n","protected":false},"author":13,"featured_media":0,"parent":48,"menu_order":0,"comment_status":"closed","ping_status":"closed","template":"","meta":{"ngg_post_thumbnail":0,"footnotes":""},"class_list":["post-918","page","type-page","status-publish","hentry"],"_links":{"self":[{"href":"https:\/\/www.sv-dirlammen.de\/index.php?rest_route=\/wp\/v2\/pages\/918","targetHints":{"allow":["GET"]}}],"collection":[{"href":"https:\/\/www.sv-dirlammen.de\/index.php?rest_route=\/wp\/v2\/pages"}],"about":[{"href":"https:\/\/www.sv-dirlammen.de\/index.php?rest_route=\/wp\/v2\/types\/page"}],"author":[{"embeddable":true,"href":"https:\/\/www.sv-dirlammen.de\/index.php?rest_route=\/wp\/v2\/users\/13"}],"replies":[{"embeddable":true,"href":"https:\/\/www.sv-dirlammen.de\/index.php?rest_route=%2Fwp%2Fv2%2Fcomments&post=918"}],"version-history":[{"count":18,"href":"https:\/\/www.sv-dirlammen.de\/index.php?rest_route=\/wp\/v2\/pages\/918\/revisions"}],"predecessor-version":[{"id":965,"href":"https:\/\/www.sv-dirlammen.de\/index.php?rest_route=\/wp\/v2\/pages\/918\/revisions\/965"}],"up":[{"embeddable":true,"href":"https:\/\/www.sv-dirlammen.de\/index.php?rest_route=\/wp\/v2\/pages\/48"}],"wp:attachment":[{"href":"https:\/\/www.sv-dirlammen.de\/index.php?rest_route=%2Fwp%2Fv2%2Fmedia&parent=918"}],"curies":[{"name":"wp","href":"https:\/\/api.w.org\/{rel}","templated":true}]}}