{"id":920,"date":"2013-05-20T17:56:41","date_gmt":"2013-05-20T16:56:41","guid":{"rendered":"http:\/\/www.sv-dirlammen.de\/?page_id=920"},"modified":"2013-05-20T18:57:08","modified_gmt":"2013-05-20T17:57:08","slug":"ah-fusball","status":"publish","type":"page","link":"https:\/\/www.sv-dirlammen.de\/?page_id=920","title":{"rendered":"AH-Fu\u00dfball"},"content":{"rendered":"<p>Erstmals wurden die \u201e Alten Herren \u201c im Jahr 1980 im Protokoll der Jahreshauptversammlung des SV Dirlammen erw\u00e4hnt. Dort berichtete Karl Greb \u00fcber deren Aktivit\u00e4ten.<\/p>\n<p>Ab dem Jahr 1980 betreute J\u00fcrgen Klein die Alte Herren.<\/p>\n<p>1981 berichtete dieser, dass eine Spielgemeinschaft mit dem TV Engelrod bestehe.<\/p>\n<p>1982 wurde Helmut J\u00f6ckel der Obmann der AH, ab 1983 Manfred Hoffmann und ab 1984 Manfred Koch.<\/p>\n<p>1985 \u00fcbernahm Horst D\u00f6ring das Amt des Obmannes. \u00a0Im selben Jahr wurde ein<\/p>\n<p>AH &#8211; Turnier im Spielmodus \u201e Jeder gegen Jeden\u201c ausgerichtet, an dem unter anderem unsere damaligen Sportfreunde aus Lautertal \u2013 Elmshausen ( Odenwald ) teilnahmen.<\/p>\n<p>1987 war man Ausrichter eines Hallenturniers der Alt &#8211; Herrenmannschaften in Lauterbach.<\/p>\n<div id=\"attachment_968\" style=\"width: 594px\" class=\"wp-caption alignleft\"><a href=\"http:\/\/www.sv-dirlammen.de\/wp-content\/uploads\/2013\/05\/AH-Fussball.jpg\"><img loading=\"lazy\" decoding=\"async\" aria-describedby=\"caption-attachment-968\" class=\"size-large wp-image-968\" alt=\"AH Fussball\" src=\"http:\/\/www.sv-dirlammen.de\/wp-content\/uploads\/2013\/05\/AH-Fussball-1024x647.jpg\" width=\"584\" height=\"368\" srcset=\"https:\/\/www.sv-dirlammen.de\/wp-content\/uploads\/2013\/05\/AH-Fussball-1024x647.jpg 1024w, https:\/\/www.sv-dirlammen.de\/wp-content\/uploads\/2013\/05\/AH-Fussball-300x189.jpg 300w, https:\/\/www.sv-dirlammen.de\/wp-content\/uploads\/2013\/05\/AH-Fussball-474x300.jpg 474w\" sizes=\"auto, (max-width: 584px) 100vw, 584px\" \/><\/a><p id=\"caption-attachment-968\" class=\"wp-caption-text\">AH-Tunier 1988 in Hopfannsfeld<\/p><\/div>\n<p>1989 &#8211; 1991 war man jedes Jahr einmal Ausrichter ein AH &#8211; Turnier, welches in Meiches ausgerichtet wurde.<\/p>\n<p>1993 \u2013 2001 \u00fcbernahm Armin Wolf das Amt des Obmanns.<\/p>\n<p>2002 \u00fcbergab er dies dann an Wolfgang Helm.<\/p>\n<p>2005 wurde dann bei den AH ebenfalls eine Spielgemeinschaft mit der Spvgg. Hopfmannsfeld &#8211; Eichenrod \u00a0mangels Spieler zusammengelegt. 2007 sollte man sich mangels Spieler Gedanken machen, ob der Spielbetrieb in Zukunft bestehen bleiben soll.<\/p>\n<p>In seinem letzten Bericht als Obmann, im Jahr 2007, wies Wolfgang Helm daraufhin, dass man sich Gedanken machen m\u00fcsste, ob und wie der Spielbetrieb in Zukunft bestehen k\u00f6nnte.<\/p>\n<p>Seit 2008 ist Udo J\u00f6ckel Obmann von den Alten Herren.<\/p>\n<p>Seit dem Bestehen der AH nahm man an verschieden Turnieren teil. Es wurden Freundschaftsspiele absolviert und durch Ausfl\u00fcge die Kameradschaft untereinander gepflegt. Die Endergebnisse waren nicht relevant, denn der Spa\u00df am Spielen und das Miteinander Stand immer an erster Stelle.<\/p>\n<p>In der letzten Zeit wurde dies allerdings nicht mehr so angenommen. Wir w\u00fcrden uns freuen, wenn einige neue Spieler, welche nicht mehr aktiv spielen zu uns in die Mannschaft kommen w\u00fcrden. Um mit uns aus Spa\u00df und Lust einfach ein wenig zu trainieren. Auch \u00e4ltere Herren, die sich noch etwas bewegen m\u00f6chten, um sich fit zu halten, sind gerne willkommen.<\/p>\n","protected":false},"excerpt":{"rendered":"<p>Erstmals wurden die \u201e Alten Herren \u201c im Jahr 1980 im Protokoll der Jahreshauptversammlung des SV Dirlammen erw\u00e4hnt. Dort berichtete Karl Greb \u00fcber deren Aktivit\u00e4ten. Ab dem Jahr 1980 betreute J\u00fcrgen Klein die Alte Herren. 1981 berichtete dieser, dass eine &hellip; <a href=\"https:\/\/www.sv-dirlammen.de\/?page_id=920\">Weiterlesen <span class=\"meta-nav\">&rarr;<\/span><\/a><\/p>\n","protected":false},"author":13,"featured_media":0,"parent":48,"menu_order":0,"comment_status":"closed","ping_status":"closed","template":"","meta":{"ngg_post_thumbnail":0,"footnotes":""},"class_list":["post-920","page","type-page","status-publish","hentry"],"_links":{"self":[{"href":"https:\/\/www.sv-dirlammen.de\/index.php?rest_route=\/wp\/v2\/pages\/920","targetHints":{"allow":["GET"]}}],"collection":[{"href":"https:\/\/www.sv-dirlammen.de\/index.php?rest_route=\/wp\/v2\/pages"}],"about":[{"href":"https:\/\/www.sv-dirlammen.de\/index.php?rest_route=\/wp\/v2\/types\/page"}],"author":[{"embeddable":true,"href":"https:\/\/www.sv-dirlammen.de\/index.php?rest_route=\/wp\/v2\/users\/13"}],"replies":[{"embeddable":true,"href":"https:\/\/www.sv-dirlammen.de\/index.php?rest_route=%2Fwp%2Fv2%2Fcomments&post=920"}],"version-history":[{"count":5,"href":"https:\/\/www.sv-dirlammen.de\/index.php?rest_route=\/wp\/v2\/pages\/920\/revisions"}],"predecessor-version":[{"id":966,"href":"https:\/\/www.sv-dirlammen.de\/index.php?rest_route=\/wp\/v2\/pages\/920\/revisions\/966"}],"up":[{"embeddable":true,"href":"https:\/\/www.sv-dirlammen.de\/index.php?rest_route=\/wp\/v2\/pages\/48"}],"wp:attachment":[{"href":"https:\/\/www.sv-dirlammen.de\/index.php?rest_route=%2Fwp%2Fv2%2Fmedia&parent=920"}],"curies":[{"name":"wp","href":"https:\/\/api.w.org\/{rel}","templated":true}]}}